 13. What is the thousands digit of l(-5)?
7
Let p(q) = 3590*q - 21. What is the ten thousands digit of p(8)?
2
Suppose 7*f + 2*f - 27 = 0. Suppose 5*l + 7 = 4*y - 8, -y + f*l + 2 = 0. Suppose y*c = -2*x + 207, 3*c + 4*x - x = 126. What is the units digit of c?
1
Let h = 106 + -44. Suppose 0 = 2*a + 30 + h. Let k = -30 - a. What is the units digit of k?
6
Suppose b + 210*d = 211*d + 717, 2*d + 2882 = 4*b. What is the tens digit of b?
2
Suppose 3*d + 303*c = 306*c + 23652, -4*c + 39447 = 5*d. What is the hundreds digit of d?
8
Let p(z) = 3*z**2 - 5*z + 6. Let d be p(4). Let c = d - 32. Suppose c*v + 22 = 72. What is the tens digit of v?
2
Let l(h) = h**3 + 15*h**2 + 24*h - 8. Let p be l(-14). Let b = 169 - p. What is the tens digit of b?
1
Let n = -283 + 290. Let p be 0*(-1)/(-2)*1. Suppose 3*x = 2*s + n, -s + p*x + 2*x - 5 = 0. What is the units digit of s?
1
Let v be (12/(-9))/2 + (-7936)/(-24). Let d = v - 187. Suppose 429 - d = 2*i + 4*l, 5*i - 2*l = 739. What is the hundreds digit of i?
1
Suppose j - 29 = 2*j. What is the units digit of (j - 415)*10/(-8)?
5
Let v(c) = -4*c + 22. Suppose l = 2*o + 3 - 5, 0 = -4*o + l + 4. Let g be -1 + (o*6 - (-2 + 3)). What is the units digit of v(g)?
6
Suppose -6292 - 14476 = 16*d. Let m = d - -2968. What is the units digit of m?
0
Let z be (-14)/(-21)*(-2 - -8). Let n(d) = -12 - z*d - 9 + 1 - 3. What is the units digit of n(-8)?
9
Suppose 0 = h + 5, 6*p + 5*h - 6925 = 4*p. Let f = 5243 - p. What is the hundreds digit of f?
7
Suppose -4*p - 2*q = -4*q - 2, -3*p - 4*q = 4. Suppose -3292 = -4*o - 48*j + 52*j, 4*o + 3*j - 3278 = p. What is the units digit of o?
1
Let z be 6/(135/20 - 6). Suppose 0 = -3*u - 3*t + 1224, z*u - 6*u - t = 831. What is the hundreds digit of u?
4
Let j(k) = -26*k + 160. Let h be j(6). Suppose -5*n = -6*n + h*y + 276, 3*y + 15 = 0. What is the units digit of n?
6
Let d be (0 - (16/(-4) + 4))/(-3). Suppose 2*o - 2 = -2*p, 3 = 4*o + 3*p - d. Let m(u) = -u**3 - u**2 + 2*u + 283. What is the units digit of m(o)?
3
Suppose 174*g + 20 = 178*g. Suppose -4*b + 963 = g*b. Suppose 2*m + h = 420, 112 = m + 5*h - b. What is the hundreds digit of m?
2
Suppose 4*q + 16 = -5*p + q, p + 3*q + 8 = 0. Let h be (-35)/(-14) - (-1)/p. Suppose -5*l = -r - 716, r = -5*l - h*r + 732. What is the hundreds digit of l?
1
Let l = 40729 + -36888. What is the units digit of l?
1
Let q(y) = -6*y**3 - 3*y**2 - 4*y - 2. Let f be q(-1). Suppose 5*i - 3640 = -45*t + 40*t, 4*t = -f*i + 2914. What is the units digit of t?
6
Let j = -404 + -320. Let u = -430 - j. Let x = u + -209. What is the tens digit of x?
8
Let a(q) = -2*q + 54. Let h be ((73 + 2)/(-3))/((-2)/2). Let u be a(h). Suppose -576 = -u*b - l, -2*b + 18 = -5*l - 292. What is the hundreds digit of b?
1
Let t = 3490 + -3490. Let i(c) = 241*c + 2. Let o be i(2). Suppose t = n + 3*n + 3*f - o, 4*f - 134 = -n. What is the tens digit of n?
1
Let o(l) = 5*l**2 + 45. Let s be o(0). Suppose 0 = -3*f - 4*i - 6 - 8, 25 = -5*i. Suppose f*n = -s + 223. What is the units digit of n?
9
Suppose -999 = -7*m + 4*m. Let j = -90 + 95. Suppose 27 = j*o - m. What is the tens digit of o?
7
Let o(x) be the third derivative of x**6/120 - x**5/5 + x**4/2 + 5*x**3/2 - 2*x**2. Let b = -164 + 175. What is the units digit of o(b)?
6
Let i = -41 + 43. Suppose -19 = -3*r - 2*o, i*r - r + 3*o = 11. Suppose r*b + 2*g - 446 = 0, 178 = 2*b - 3*g + 4*g. What is the units digit of b?
0
Suppose 0 = 5*j + 5*b - 54725, -5*b = -29 + 49. What is the tens digit of j?
4
Let p(x) = 240*x**2 - 27*x - 162. What is the hundreds digit of p(-5)?
9
Let m(c) = -c**3 + c**2 - c + 6. Let u be m(0). Let y(n) = -6*n + 1 - u*n + 10*n - 15. What is the tens digit of y(-19)?
2
Suppose -7 = 10*d - 27. Suppose -d*y + 827 = 5*q, -4*q - 592 - 660 = -3*y. What is the units digit of y?
6
Suppose -7 = -2*a - 1. Let w be 4 - (-18)/(0 - a). What is the tens digit of 837/18 - (-3)/w?
4
Suppose 0 = -8*n + 45345 + 36167. Suppose -15*k = -1931 - n. What is the units digit of k?
8
Let k(h) = -6 - 4*h + 0*h + 0*h. Let y be k(-2). Suppose t - 5*g = 38, -y*t + 3*g + 126 = t. What is the tens digit of t?
4
Let b(g) = -g**3 + 8*g**2 + 12*g + 8. Let v be b(9). Suppose v*w + 72 = 31*w. Let h = w + 28. What is the tens digit of h?
1
Let a(i) = -4*i**2 - 13*i - 16. Let k(c) = -7*c**2 - 25*c - 31. Let s(h) = -5*a(h) + 3*k(h). Let m be s(-9). Let t = m + 33. What is the tens digit of t?
2
Let o be (0 - 4) + 10 + -2. Suppose z - 3 = 4*s - 11, 5*z = -2*s + o. Suppose 0 = -4*b + s*y + 340, 6*y = -3*b + 2*y + 266. What is the tens digit of b?
8
Let z(t) = 5*t**2 - 2*t - 2. Let f be z(2). Suppose 5*v = -10, 2*r = v + 2*v + f. Suppose -3*u = -2*h + 135, 5 - r = -u. What is the units digit of h?
6
Let o = -31 - 133. Let c = 356 - o. What is the hundreds digit of c?
5
Suppose -2*q + 7844 = -5242 - 6212. What is the tens digit of q?
4
Let r be (7/14)/(1/506*1). Let u = -115 + r. What is the units digit of u?
8
Let a = 7 + 3. Suppose 3*b - f = 15, -5*b + a*b - 3*f - 25 = 0. Suppose -4*t - q = -3*q - 202, -b*t = 4*q - 259. What is the tens digit of t?
5
Suppose 139*u - 8 = 143*u. Let a be 2 - (3 + -1)/2. What is the tens digit of (163/7 - a) + u/7?
2
Let g(w) = -14*w - 24. Let k(u) = -4*u - 24. Let a be k(-5). What is the units digit of g(a)?
2
Suppose 233*h + 194325 + 149651 = 271*h. What is the tens digit of h?
5
Let i = -2385 + 1096. Let z = -92 - i. What is the hundreds digit of z?
1
Let g(j) = 61*j**3 + 8*j**2 - 4*j - 19. What is the tens digit of g(7)?
6
Let i = -8 - -13. Suppose i*n = n - 252. What is the tens digit of ((-54)/n)/(1/126)?
0
Let u(o) = -10*o + 10. Let t be 6/(-4) + 25/50. Let s(c) = c. Let i(j) = t*u(j) + 4*s(j). What is the tens digit of i(4)?
4
Suppose 0 = -z - 2*t + 155, -4*z - 10*t + 7*t = -610. Suppose z*j = 159*j - 1776. What is the hundreds digit of j?
2
Let t = 39 + -33. Suppose 10*g = 15*g - 170. What is the units digit of -3*g*(-2)/t?
4
Let r(k) = k**3 + 4*k**2 + 4*k + 3. Let b be r(-2). Suppose 8*z - 14*z = -18. Suppose -258 = -z*a - b*p, 2*a + p - 176 = -3*p. What is the units digit of a?
4
Let o = -183 + 279. Let c = -93 + o. What is the tens digit of (-1*(-1)/c)/(1/387)?
2
Suppose 7*m - 12 = 9. Suppose y = -m*y - 24. What is the tens digit of ((-47)/(-3))/(y/(-18))?
4
Suppose -6609 - 2364 = -9*o. What is the units digit of o?
7
Let f(z) = -5655*z + 876. What is the tens digit of f(-3)?
4
Let i(t) = -5*t**3 + 112*t**2 - t - 192. What is the tens digit of i(22)?
5
What is the units digit of (-69)/(-6) + -12 + (-7625)/(-2)?
2
Let r = -10150 - -23153. What is the ten thousands digit of r?
1
Suppose 0 = -5*k - 926 + 4106. Suppose -u + 64 = -4*p - 56, -5*u + 2*p = -k. Suppose 2*o - 4*o = -u. What is the units digit of o?
4
Suppose 30 - 120 = -3*w. Let v be (w/150)/(2/20). Suppose 3*s + 4*b - 646 = 0, v*s - 436 = b - 5*b. What is the hundreds digit of s?
2
Let r be (-4)/34 + 13220/(-340). What is the hundreds digit of 484*3 - r/26*4?
4
Let c(n) = -2*n**2 - 50*n - 44. Let i be ((-9 - -3) + 2)/((-7)/(-42)). Let k be c(i). What is the units digit of (-4)/k*((-4)/2 - -1)?
1
Let d(p) = p**3 - 8*p**2 - 3*p - 26. Let m be d(7). Let x be (1 + 15 + -1)/(m/(-1280)). What is the hundreds digit of x + (9 + -9)/(1 + 1)?
2
Let f = -308 - -315. Let a(d) = 21*d + 40. What is the units digit of a(f)?
7
Let s = -53 - -56. Suppose -o - 5*a = -3*o, 6 = -s*a. What is the units digit of (39/(-65))/(1/o) + 56?
9
Suppose -4*n = -4*v + 209492, -9*v + 471397 = 6*n - 10*n. What is the units digit of v?
1
Let b(h) = 2*h**2 - 5*h - 12 + 4 + 4*h. Let c be b(3). Let d = c + 226. What is the hundreds digit of d?
2
Suppose 0 = -65*l - 62 - 3. Let q(r) = -137*r + 1. What is the tens digit of q(l)?
3
Let j(p) = -p**2 + 13*p - 41. Let t be j(5). What is the hundreds digit of 324 - (-5 - t - -2)?
3
Let v = 503 + -501. Let c(p) = 98*p**2 + 2*p + 5. What is the tens digit of c(v)?
0
Let t(g) = 126*g + 1701. What is the hundreds digit of t(135)?
7
Suppose 24*p = 2*t + 20*p - 1422, -4*p = -4*t + 2856. Let s = 754 - t. What is the tens digit of s?
3
Let j = 860 - 539. Suppose -2*p = -n + 3*p - j, 1335 = -4*n + 3*p. Let c = n - -611. What is the hundreds digit of c?
2
Suppose -2*m - 33*z + 35*z = -29448, -4*z = -2*m + 29462. What is the hundreds digit of m?
7
